alculate the highest common factor of 35 and 945.
35
What is the greatest common factor of 15 and 555?
15
What is the highest common factor of 3017 and 49?
7
What is the greatest common factor of 156 and 72?
12
What is the highest common factor of 109 and 8938?
109
What is the greatest common divisor of 171 and 494?
19
What is the highest common divisor of 55608 and 84?
84
Calculate the greatest common factor of 54047 and 49.
49
What is the greatest common factor of 24 and 136?
8
Calculate the greatest common factor of 68 and 2074.
34
What is the greatest common divisor of 9 and 720?
9
What is the greatest common divisor of 148 and 16724?
148
Calculate the highest common factor of 135 and 1647.
27
Calculate the highest common divisor of 3344 and 272.
16
What is the greatest common divisor of 40 and 4840?
40
Calculate the highest common factor of 576 and 256.
64
Calculate the highest common divisor of 208 and 26.
26
Calculate the greatest common factor of 180 and 36.
36
What is the highest common divisor of 176 and 143?
11
What is the highest common divisor of 957 and 44?
11
What is the highest common divisor of 22 and 473?
11
Calculate the greatest common factor of 24 and 18.
6
Calculate the greatest common divisor of 224 and 84.
28
Calculate the greatest common factor of 637 and 273.
91
Calculate the highest common factor of 464 and 48.
16
What is the highest common factor of 192 and 168?
24
Calculate the highest common divisor of 826 and 70.
14
Calculate the greatest common divisor of 8 and 736.
8
Calculate the greatest common divisor of 2576 and 42.
14
Calculate the greatest common factor of 3 and 39.
3
Calculate the highest common factor of 80 and 496.
16
Calculate the highest common factor of 4 and 16.
4
Calculate the greatest common factor of 3886 and 1340.
134
Calculate the greatest common divisor of 54 and 5778.
54
What is the highest common divisor of 242 and 4719?
121
What is the greatest common divisor of 374 and 55?
11
What is the greatest common divisor of 2813 and 29?
29
Calculate the greatest common factor of 42 and 6153.
21
What is the greatest common divisor of 2499 and 147?
147
What is the greatest common factor of 154 and 957?
11
What is the highest common factor of 928 and 406?
58
Calculate the highest common factor of 345 and 2208.
69
Calculate the greatest common factor of 1929 and 9.
3
What is the greatest common divisor of 3223 and 11?
11
Calculate the greatest common factor of 9 and 2592.
9
Calculate the highest common divisor of 831 and 7202.
277
Calculate the greatest common factor of 20 and 490.
10
Calculate the highest common factor of 2688 and 21.
21
Calculate the greatest common divisor of 1727 and 33.
11
What is the highest common divisor of 7 and 63?
7
Calculate the greatest common divisor of 396 and 3300.
132
What is the greatest common factor of 56 and 1316?
28
Calculate the highest common divisor of 15 and 33135.
15
Calculate the greatest common divisor of 21 and 119.
7
What is the greatest common factor of 3649 and 890?
89
What is the highest common divisor of 699 and 3?
3
Calculate the greatest common divisor of 1520 and 320.
80
What is the greatest common factor of 1176 and 360?
24
Calculate the greatest common divisor of 816 and 48.
48
Calculate the highest common divisor of 161 and 851.
23
What is the greatest common factor of 228 and 304?
76
What is the highest common factor of 1691 and 304?
19
Calculate the highest common factor of 75 and 240.
15
Calculate the greatest common divisor of 1178 and 124.
62
What is the greatest common factor of 1746 and 18?
18
What is the highest common factor of 351 and 45?
9
Calculate the greatest common factor of 55 and 4565.
55
What is the highest common factor of 7215 and 130?
65
Calculate the greatest common factor of 7515 and 60.
15
What is the highest common divisor of 136 and 425?
17
What is the greatest common divisor of 11 and 5?
1
What is the greatest common divisor of 2 and 54?
2
Calculate the greatest common factor of 1066 and 26.
26
What is the greatest common divisor of 828 and 2196?
36
What is the greatest common factor of 1898 and 52?
26
What is the greatest common factor of 8181 and 45?
9
What is the greatest common divisor of 11 and 11?
11
What is the greatest common divisor of 468 and 12?
12
What is the greatest common divisor of 3509 and 605?
121
Calculate the greatest common divisor of 50350 and 50.
50
Calculate the highest common divisor of 97 and 2716.
97
What is the greatest common divisor of 136 and 1224?
136
Calculate the highest common divisor of 9 and 81.
9
Calculate the highest common divisor of 46 and 2231.
23
Calculate the highest common factor of 5217 and 423.
141
Calculate the highest common factor of 1755 and 39.
39
What is the greatest common divisor of 1512 and 392?
56
What is the greatest common divisor of 343 and 1519?
49
What is the highest common factor of 1738 and 7268?
158
What is the highest common divisor of 52 and 3666?
26
What is the highest common factor of 765 and 90?
45
Calculate the greatest common factor of 58 and 754.
58
Calculate the greatest common factor of 14 and 49.
7
Calculate the highest common divisor of 38 and 5035.
19
Calculate the highest common factor of 1990 and 50.
10
What is the highest common factor of 21770 and 14?
14
What is the highest common divisor of 50 and 188?
2
Calculate the greatest common divisor of 480 and 180.
60
Calculate the highest common factor of 55741 and 7.
7
What is the highest common factor of 50 and 30?
10
Calculate the highest common divisor of 4584 and 8.
8
Calculate the highest common divisor of 34 and 1598.
34
What is the greatest common factor of 104 and 650?
26
Calculate the highest common divisor of 437 and 703.
19
Calculate the greatest common factor of 16 and 5896.
8
Calculate the greatest common factor of 9 and 927.
9
What is the highest common divisor of 63 and 14?
7
Calculate the highest common factor of 17913 and 21.
21
Calculate the highest common divisor of 184 and 230.
46
What is the highest common factor of 731 and 85?
17
Calculate the highest common factor of 1008 and 56.
56
Calculate the greatest common divisor of 105 and 119.
7
What is the highest common divisor of 247 and 13?
13
What is the highest common divisor of 60 and 380?
20
Calculate the greatest common divisor of 2205 and 45.
45
Calculate the highest common factor of 583 and 11.
11
What is the greatest common divisor of 13 and 214?
1
What is the greatest common divisor of 21 and 609?
21
What is the greatest common factor of 25 and 670?
5
What is the greatest common divisor of 896 and 7?
7
Calculate the highest common factor of 54 and 24894.
54
Calculate the highest common factor of 7825 and 313.
313
Calculate the highest common divisor of 7015 and 460.
115
Calculate the greatest common divisor of 156 and 10356.
12
Calculate the highest common divisor of 608 and 19.
19
Calculate the greatest common factor of 721 and 1545.
103
What is the greatest common divisor of 1441 and 11?
11
What is the highest common divisor of 5986 and 738?
82
Calculate the highest common factor of 783 and 216.
27
Calculate the greatest common factor of 1584 and 66.
66
Calculate the greatest common divisor of 60 and 24.
12
What is the greatest common factor of 29 and 232?
29
Calculate the highest common divisor of 1276 and 16.
4
Calculate the highest common divisor of 200 and 304.
8
Calculate the highest common divisor of 745 and 10.
5
Calculate the highest common factor of 26 and 2483.
13
What is the highest common divisor of 36 and 198?
18
What is the greatest common divisor of 357 and 459?
51
Calculate the greatest common factor of 245 and 6517.
49
What is the greatest common factor of 225 and 81?
9
What is the highest common factor of 11 and 154?
11
What is the highest common divisor of 1703 and 39?
13
What is the greatest common divisor of 12 and 12?
12
Calculate the greatest common factor of 95 and 1045.
95
What is the greatest common divisor of 133 and 171?
19
Calculate the greatest common divisor of 446 and 4.
2
Calculate the highest common factor of 8 and 52.
4
What is the highest common factor of 24233 and 22?
11
Calculate the highest common factor of 90 and 240.
30
What is the greatest common factor of 266 and 406